{"id":224,"date":"2017-08-19T19:30:31","date_gmt":"2017-08-19T19:30:31","guid":{"rendered":"http:\/\/www.hvegeler.de\/?page_id=224"},"modified":"2025-10-05T14:32:48","modified_gmt":"2025-10-05T14:32:48","slug":"stieglitz-systemtechnik","status":"publish","type":"page","link":"http:\/\/www.hvegeler.de\/?page_id=224","title":{"rendered":"STIEGLITZ Systemtechnik"},"content":{"rendered":"\n<figure class=\"wp-block-image size-full\"><img loading=\"lazy\" decoding=\"async\" width=\"843\" height=\"224\" src=\"http:\/\/www.hvegeler.de\/wp-content\/uploads\/2025\/10\/Logo.png\" alt=\"\" class=\"wp-image-277\" srcset=\"http:\/\/www.hvegeler.de\/wp-content\/uploads\/2025\/10\/Logo.png 843w, http:\/\/www.hvegeler.de\/wp-content\/uploads\/2025\/10\/Logo-300x80.png 300w, http:\/\/www.hvegeler.de\/wp-content\/uploads\/2025\/10\/Logo-768x204.png 768w\" sizes=\"auto, (max-width: 843px) 100vw, 843px\" \/><\/figure>\n\n\n\n<p><\/p>\n\n\n\n<p>STIEGLITZ Systemtechnik plant, berechnet und fertigt professionell und hochwertig <strong>K\u00fcchenl\u00fcftungsdecken<\/strong>, <strong>K\u00fcchenablufthauben<\/strong> sowie <strong>L\u00fcftungst\u00fcrme<\/strong> speziell nach den Anforderungen der Kunden.<\/p>\n\n\n\n<p>Dazu z\u00e4hlen unter anderem <strong>Frontcooking-Systeme<\/strong>, <strong>Flusenfilter<\/strong>, <strong>UV-C Anlagen<\/strong>, <strong>W\u00e4rmer\u00fcckgewinnung<\/strong>, <strong>Plasmaanlagen<\/strong>, <strong>LED-Beleuchtung<\/strong> und Weitere. <\/p>\n\n\n\n<figure class=\"wp-block-gallery has-nested-images columns-default is-cropped wp-block-gallery-1 is-layout-flex wp-block-gallery-is-layout-flex\">\n<figure class=\"wp-block-image size-large\"><img loading=\"lazy\" decoding=\"async\" width=\"1024\" height=\"768\" data-id=\"242\" src=\"http:\/\/www.hvegeler.de\/wp-content\/uploads\/2021\/01\/1-1024x768.jpg\" alt=\"\" class=\"wp-image-242\" srcset=\"http:\/\/www.hvegeler.de\/wp-content\/uploads\/2021\/01\/1-1024x768.jpg 1024w, http:\/\/www.hvegeler.de\/wp-content\/uploads\/2021\/01\/1-300x225.jpg 300w, http:\/\/www.hvegeler.de\/wp-content\/uploads\/2021\/01\/1-768x576.jpg 768w, http:\/\/www.hvegeler.de\/wp-content\/uploads\/2021\/01\/1-1536x1152.jpg 1536w, http:\/\/www.hvegeler.de\/wp-content\/uploads\/2021\/01\/1.jpg 1600w\" sizes=\"auto, (max-width: 1024px) 100vw, 1024px\" \/><\/figure>\n\n\n\n<figure class=\"wp-block-image size-large\"><img loading=\"lazy\" decoding=\"async\" width=\"1024\" height=\"576\" data-id=\"243\" src=\"http:\/\/www.hvegeler.de\/wp-content\/uploads\/2021\/01\/2-1024x576.jpg\" alt=\"\" class=\"wp-image-243\" srcset=\"http:\/\/www.hvegeler.de\/wp-content\/uploads\/2021\/01\/2-1024x576.jpg 1024w, http:\/\/www.hvegeler.de\/wp-content\/uploads\/2021\/01\/2-300x169.jpg 300w, http:\/\/www.hvegeler.de\/wp-content\/uploads\/2021\/01\/2-768x432.jpg 768w, http:\/\/www.hvegeler.de\/wp-content\/uploads\/2021\/01\/2-1536x864.jpg 1536w, http:\/\/www.hvegeler.de\/wp-content\/uploads\/2021\/01\/2.jpg 1920w\" sizes=\"auto, (max-width: 1024px) 100vw, 1024px\" \/><\/figure>\n\n\n\n<figure class=\"wp-block-image size-large\"><img loading=\"lazy\" decoding=\"async\" width=\"1024\" height=\"576\" data-id=\"244\" src=\"http:\/\/www.hvegeler.de\/wp-content\/uploads\/2021\/01\/3-1024x576.jpg\" alt=\"\" class=\"wp-image-244\" srcset=\"http:\/\/www.hvegeler.de\/wp-content\/uploads\/2021\/01\/3-1024x576.jpg 1024w, http:\/\/www.hvegeler.de\/wp-content\/uploads\/2021\/01\/3-300x169.jpg 300w, http:\/\/www.hvegeler.de\/wp-content\/uploads\/2021\/01\/3-768x432.jpg 768w, http:\/\/www.hvegeler.de\/wp-content\/uploads\/2021\/01\/3-1536x864.jpg 1536w, http:\/\/www.hvegeler.de\/wp-content\/uploads\/2021\/01\/3-2048x1152.jpg 2048w\" sizes=\"auto, (max-width: 1024px) 100vw, 1024px\" \/><\/figure>\n\n\n\n<figure class=\"wp-block-image size-large\"><img loading=\"lazy\" decoding=\"async\" width=\"1024\" height=\"768\" data-id=\"245\" src=\"http:\/\/www.hvegeler.de\/wp-content\/uploads\/2021\/01\/4-1024x768.jpg\" alt=\"\" class=\"wp-image-245\" srcset=\"http:\/\/www.hvegeler.de\/wp-content\/uploads\/2021\/01\/4-1024x768.jpg 1024w, http:\/\/www.hvegeler.de\/wp-content\/uploads\/2021\/01\/4-300x225.jpg 300w, http:\/\/www.hvegeler.de\/wp-content\/uploads\/2021\/01\/4-768x576.jpg 768w, http:\/\/www.hvegeler.de\/wp-content\/uploads\/2021\/01\/4-1536x1152.jpg 1536w, http:\/\/www.hvegeler.de\/wp-content\/uploads\/2021\/01\/4-2048x1536.jpg 2048w\" sizes=\"auto, (max-width: 1024px) 100vw, 1024px\" \/><\/figure>\n<figcaption class=\"blocks-gallery-caption wp-element-caption\"><em>\u00a9 STIEGLITZ Systemtechnik<\/em><\/figcaption><\/figure>\n\n\n\n<p><\/p>\n\n\n\n<p> <strong>Kontakt STIEGLITZ Systemtechnik<\/strong><\/p>\n\n\n\n<div class=\"wp-block-group\"><div class=\"wp-block-group__inner-container is-layout-flow wp-block-group-is-layout-flow\">\n<p>STIEGLITZ Systemtechnik GmbH<br \/>Gottlieb-Daimler-Stra\u00dfe 6<br \/>94447 Plattling<br \/>Telefon: +49 (0) 9931 \/ 929 53 13<br \/>E-Mail: c.stieglitz@stie-sys.de<br \/>Web: <a href=\"http:\/\/www.stieglitz-systemtechnik.de\">www.stieglitz-systemtechnik.de<\/a><\/p>\n<\/p>\n<\/div><\/div>\n\n\n\n<p><\/p>\n","protected":false},"excerpt":{"rendered":"<p>STIEGLITZ Systemtechnik plant, berechnet und fertigt professionell und hochwertig K\u00fcchenl\u00fcftungsdecken, K\u00fcchenablufthauben sowie L\u00fcftungst\u00fcrme speziell nach den Anforderungen der Kunden. Dazu z\u00e4hlen unter anderem Frontcooking-Systeme, Flusenfilter, UV-C Anlagen, W\u00e4rmer\u00fcckgewinnung, Plasmaanlagen, LED-Beleuchtung und Weitere. Kontakt STIEGLITZ Systemtechnik STIEGLITZ Systemtechnik GmbHGottlieb-Daimler-Stra\u00dfe 694447 PlattlingTelefon:<\/p>\n","protected":false},"author":1,"featured_media":0,"parent":0,"menu_order":3,"comment_status":"closed","ping_status":"closed","template":"","meta":{"footnotes":""},"class_list":["post-224","page","type-page","status-publish","hentry"],"_links":{"self":[{"href":"http:\/\/www.hvegeler.de\/index.php?rest_route=\/wp\/v2\/pages\/224","targetHints":{"allow":["GET"]}}],"collection":[{"href":"http:\/\/www.hvegeler.de\/index.php?rest_route=\/wp\/v2\/pages"}],"about":[{"href":"http:\/\/www.hvegeler.de\/index.php?rest_route=\/wp\/v2\/types\/page"}],"author":[{"embeddable":true,"href":"http:\/\/www.hvegeler.de\/index.php?rest_route=\/wp\/v2\/users\/1"}],"replies":[{"embeddable":true,"href":"http:\/\/www.hvegeler.de\/index.php?rest_route=%2Fwp%2Fv2%2Fcomments&post=224"}],"version-history":[{"count":11,"href":"http:\/\/www.hvegeler.de\/index.php?rest_route=\/wp\/v2\/pages\/224\/revisions"}],"predecessor-version":[{"id":279,"href":"http:\/\/www.hvegeler.de\/index.php?rest_route=\/wp\/v2\/pages\/224\/revisions\/279"}],"wp:attachment":[{"href":"http:\/\/www.hvegeler.de\/index.php?rest_route=%2Fwp%2Fv2%2Fmedia&parent=224"}],"curies":[{"name":"wp","href":"https:\/\/api.w.org\/{rel}","templated":true}]}}